[INFO] cloning repository https://github.com/msarfati/clapman
[INFO] running `Command { std: "git" "-c" "credential.helper=" "-c" "credential.helper=/workspace/cargo-home/bin/git-credential-null" "clone" "--bare" "https://github.com/msarfati/clapman" "/workspace/cache/git-repos/https%3A%2F%2Fgithub.com%2Fmsarfati%2Fclapman", kill_on_drop: false }`
[INFO] [stderr] Cloning into bare repository '/workspace/cache/git-repos/https%3A%2F%2Fgithub.com%2Fmsarfati%2Fclapman'...
[INFO] running `Command { std: "git" "rev-parse" "HEAD", kill_on_drop: false }`
[INFO] [stdout] b3a9ae83a2e86c7c64a34c3b1fb5a8d3a9ae7980
[INFO] checking msarfati/clapman against master#af3c6e733a40e671550e0f0f5aeecaa13772ba56 for pr-74989
[INFO] running `Command { std: "git" "clone" "/workspace/cache/git-repos/https%3A%2F%2Fgithub.com%2Fmsarfati%2Fclapman" "/workspace/builds/worker-9/source", kill_on_drop: false }`
[INFO] [stderr] Cloning into '/workspace/builds/worker-9/source'...
[INFO] [stderr] done.
[INFO] validating manifest of git repo https://github.com/msarfati/clapman on toolchain af3c6e733a40e671550e0f0f5aeecaa13772ba56
[INFO] running `Command { std: "/workspace/cargo-home/bin/cargo" "+af3c6e733a40e671550e0f0f5aeecaa13772ba56" "read-manifest" "--manifest-path" "Cargo.toml", kill_on_drop: false }`
[INFO] started tweaking git repo https://github.com/msarfati/clapman
[INFO] removed path dependency clap from git repo https://github.com/msarfati/clapman
[INFO] finished tweaking git repo https://github.com/msarfati/clapman
[INFO] tweaked toml for git repo https://github.com/msarfati/clapman written to /workspace/builds/worker-9/source/Cargo.toml
[INFO] crate git repo https://github.com/msarfati/clapman already has a lockfile, it will not be regenerated
[INFO] running `Command { std: "/workspace/cargo-home/bin/cargo" "+af3c6e733a40e671550e0f0f5aeecaa13772ba56" "fetch" "--locked" "--manifest-path" "Cargo.toml", kill_on_drop: false }`
[INFO] [stderr] warning: dependency (clap) specified without providing a local path, Git repository, or version to use. This will be considered an error in future versions
[INFO] [stderr]     Blocking waiting for file lock on package cache
[INFO] [stderr]     Updating crates.io index
[INFO] [stderr] error: the lock file /workspace/builds/worker-9/source/Cargo.lock needs to be updated but --locked was passed to prevent this
[INFO] [stderr] If you want to try to generate the lock file without accessing the network, use the --offline flag.
[INFO] the lockfile is outdated, regenerating it
[INFO] running `Command { std: "/workspace/cargo-home/bin/cargo" "+af3c6e733a40e671550e0f0f5aeecaa13772ba56" "generate-lockfile" "--manifest-path" "Cargo.toml" "-Zno-index-update", kill_on_drop: false }`
[INFO] running `Command { std: "/workspace/cargo-home/bin/cargo" "+af3c6e733a40e671550e0f0f5aeecaa13772ba56" "fetch" "--locked" "--manifest-path" "Cargo.toml", kill_on_drop: false }`
[INFO] [stderr] warning: dependency (clap) specified without providing a local path, Git repository, or version to use. This will be considered an error in future versions
[INFO] running `Command { std: "docker" "create" "-v" "/var/lib/crater-agent-workspace/builds/worker-9/target:/opt/rustwide/target:rw,Z" "-v" "/var/lib/crater-agent-workspace/builds/worker-9/source:/opt/rustwide/workdir:ro,Z" "-v" "/var/lib/crater-agent-workspace/cargo-home:/opt/rustwide/cargo-home:ro,Z" "-v" "/var/lib/crater-agent-workspace/rustup-home:/opt/rustwide/rustup-home:ro,Z" "-e" "SOURCE_DIR=/opt/rustwide/workdir" "-e" "CARGO_TARGET_DIR=/opt/rustwide/target" "-e" "CARGO_HOME=/opt/rustwide/cargo-home" "-e" "RUSTUP_HOME=/opt/rustwide/rustup-home" "-w" "/opt/rustwide/workdir" "-m" "1610612736" "--user" "0:0" "--network" "none" "rustops/crates-build-env@sha256:d92eaeed33fa75130ca1ee6c8a01d1ffb62bac859dfdfb3450e3e5d1c0146529" "/opt/rustwide/cargo-home/bin/cargo" "+af3c6e733a40e671550e0f0f5aeecaa13772ba56" "metadata" "--no-deps" "--format-version=1", kill_on_drop: false }`
[INFO] [stdout] a2f4ac8697a0c841128d0353cfd94b0a3773fa9c6f088ed6fce8ff68e98effe6
[INFO] [stderr] WARNING: Your kernel does not support swap limit capabilities or the cgroup is not mounted. Memory limited without swap.
[INFO] running `Command { std: "docker" "start" "-a" "a2f4ac8697a0c841128d0353cfd94b0a3773fa9c6f088ed6fce8ff68e98effe6", kill_on_drop: false }`
[INFO] running `Command { std: "docker" "inspect" "a2f4ac8697a0c841128d0353cfd94b0a3773fa9c6f088ed6fce8ff68e98effe6", kill_on_drop: false }`
[INFO] running `Command { std: "docker" "rm" "-f" "a2f4ac8697a0c841128d0353cfd94b0a3773fa9c6f088ed6fce8ff68e98effe6", kill_on_drop: false }`
[INFO] [stdout] a2f4ac8697a0c841128d0353cfd94b0a3773fa9c6f088ed6fce8ff68e98effe6
[INFO] running `Command { std: "docker" "create" "-v" "/var/lib/crater-agent-workspace/builds/worker-9/target:/opt/rustwide/target:rw,Z" "-v" "/var/lib/crater-agent-workspace/builds/worker-9/source:/opt/rustwide/workdir:ro,Z" "-v" "/var/lib/crater-agent-workspace/cargo-home:/opt/rustwide/cargo-home:ro,Z" "-v" "/var/lib/crater-agent-workspace/rustup-home:/opt/rustwide/rustup-home:ro,Z" "-e" "SOURCE_DIR=/opt/rustwide/workdir" "-e" "CARGO_TARGET_DIR=/opt/rustwide/target" "-e" "CARGO_INCREMENTAL=0" "-e" "RUST_BACKTRACE=full" "-e" "RUSTFLAGS=--cap-lints=forbid" "-e" "CARGO_HOME=/opt/rustwide/cargo-home" "-e" "RUSTUP_HOME=/opt/rustwide/rustup-home" "-w" "/opt/rustwide/workdir" "-m" "1610612736" "--user" "0:0" "--network" "none" "rustops/crates-build-env@sha256:d92eaeed33fa75130ca1ee6c8a01d1ffb62bac859dfdfb3450e3e5d1c0146529" "/opt/rustwide/cargo-home/bin/cargo" "+af3c6e733a40e671550e0f0f5aeecaa13772ba56" "check" "--frozen" "--all" "--all-targets" "--message-format=json", kill_on_drop: false }`
[INFO] [stdout] 43cd8725ca143b08c80bde07a4508de1ee904bae5f75d1412a50c93de6b92a75
[INFO] [stderr] WARNING: Your kernel does not support swap limit capabilities or the cgroup is not mounted. Memory limited without swap.
[INFO] running `Command { std: "docker" "start" "-a" "43cd8725ca143b08c80bde07a4508de1ee904bae5f75d1412a50c93de6b92a75", kill_on_drop: false }`
[INFO] [stderr] warning: dependency (clap) specified without providing a local path, Git repository, or version to use. This will be considered an error in future versions
[INFO] [stderr]    Compiling proc-macro2 v1.0.21
[INFO] [stderr]    Compiling unicode-xid v0.2.1
[INFO] [stderr]    Compiling version_check v0.9.2
[INFO] [stderr]    Compiling syn v1.0.41
[INFO] [stderr]    Compiling autocfg v1.0.1
[INFO] [stderr]    Compiling unicode-segmentation v1.6.0
[INFO] [stderr]     Checking unicode-width v0.1.8
[INFO] [stderr]     Checking hashbrown v0.9.0
[INFO] [stderr]     Checking vec_map v0.8.2
[INFO] [stderr]     Checking lazy_static v1.4.0
[INFO] [stderr]     Checking roff v0.1.0
[INFO] [stderr]     Checking textwrap v0.11.0
[INFO] [stderr]     Checking man v0.3.0
[INFO] [stderr]    Compiling proc-macro-error-attr v0.4.12
[INFO] [stderr]    Compiling proc-macro-error v0.4.12
[INFO] [stderr]    Compiling indexmap v1.6.0
[INFO] [stderr]    Compiling heck v0.3.1
[INFO] [stderr]    Compiling quote v1.0.7
[INFO] [stderr]    Compiling syn-mid v0.5.0
[INFO] [stderr]    Compiling clap_derive v3.0.0-beta.1
[INFO] [stderr]     Checking clap v3.0.0-beta.1
[INFO] [stderr]     Checking clapman v0.1.0 (/opt/rustwide/workdir)
[INFO] [stdout] error[E0432]: unresolved import `clap::SubCommand`
[INFO] [stdout]  --> src/main.rs:5:22
[INFO] [stdout]   |
[INFO] [stdout] 5 | use clap::{App, Arg, SubCommand};
[INFO] [stdout]   |                      ^^^^^^^^^^
[INFO] [stdout]   |                      |
[INFO] [stdout]   |                      no `SubCommand` in the root
[INFO] [stdout]   |                      help: a similar name exists in the module (notice the capitalization): `Subcommand`
[INFO] [stdout] 
[INFO] [stdout] 
[INFO] [stdout] error[E0432]: unresolved import `clap::SubCommand`
[INFO] [stdout]  --> src/main.rs:5:22
[INFO] [stdout]   |
[INFO] [stdout] 5 | use clap::{App, Arg, SubCommand};
[INFO] [stdout]   |                      ^^^^^^^^^^
[INFO] [stdout]   |                      |
[INFO] [stdout]   |                      no `SubCommand` in the root
[INFO] [stdout]   |                      help: a similar name exists in the module (notice the capitalization): `Subcommand`
[INFO] [stdout] 
[INFO] [stdout] 
[INFO] [stdout] warning: unused imports: `Arg as ManArgs`, `Env`, `Example`, `Flag`, `Opt`, `Section`
[INFO] [stdout]  --> src/main.rs:6:20
[INFO] [stdout]   |
[INFO] [stdout] 6 | use man::prelude::{Arg as ManArgs, Author, Flag, Env, Manual, Opt, Example, Section};
[INFO] [stdout]   |                    ^^^^^^^^^^^^^^          ^^^^  ^^^          ^^^  ^^^^^^^  ^^^^^^^
[INFO] [stdout]   |
[INFO] [stdout]   = note: `#[warn(unused_imports)]` on by default
[INFO] [stdout] 
[INFO] [stdout] 
[INFO] [stdout] warning: unused imports: `Arg as ManArgs`, `Env`, `Example`, `Flag`, `Opt`, `Section`
[INFO] [stdout]  --> src/main.rs:6:20
[INFO] [stdout]   |
[INFO] [stdout] 6 | use man::prelude::{Arg as ManArgs, Author, Flag, Env, Manual, Opt, Example, Section};
[INFO] [stdout]   |                    ^^^^^^^^^^^^^^          ^^^^  ^^^          ^^^  ^^^^^^^  ^^^^^^^
[INFO] [stdout]   |
[INFO] [stdout]   = note: `#[warn(unused_imports)]` on by default
[INFO] [stdout] 
[INFO] [stdout] 
[INFO] [stdout] error[E0308]: mismatched types
[INFO] [stdout]   --> src/main.rs:18:17
[INFO] [stdout]    |
[INFO] [stdout] 18 |          .short("c")
[INFO] [stdout]    |                 ^^^ expected `char`, found `&str`
[INFO] [stdout] 
[INFO] [stdout] 
[INFO] [stdout] warning: use of deprecated associated function `clap::Arg::<'help>::help`: Please use `about` method instead
[INFO] [stdout]   --> src/main.rs:21:11
[INFO] [stdout]    |
[INFO] [stdout] 21 |          .help("Sets a custom config file")
[INFO] [stdout]    |           ^^^^
[INFO] [stdout]    |
[INFO] [stdout]    = note: `#[warn(deprecated)]` on by default
[INFO] [stdout] 
[INFO] [stdout] 
[INFO] [stdout] warning: use of deprecated associated function `clap::Arg::<'help>::help`: Please use `about` method instead
[INFO] [stdout]   --> src/main.rs:24:11
[INFO] [stdout]    |
[INFO] [stdout] 24 |          .help("Sets the input file to use")
[INFO] [stdout]    |           ^^^^
[INFO] [stdout] 
[INFO] [stdout] 
[INFO] [stdout] error[E0308]: mismatched types
[INFO] [stdout]   --> src/main.rs:28:17
[INFO] [stdout]    |
[INFO] [stdout] 28 |          .short("v")
[INFO] [stdout]    |                 ^^^ expected `char`, found `&str`
[INFO] [stdout] 
[INFO] [stdout] 
[INFO] [stdout] warning: use of deprecated associated function `clap::Arg::<'help>::help`: Please use `about` method instead
[INFO] [stdout]   --> src/main.rs:30:11
[INFO] [stdout]    |
[INFO] [stdout] 30 |          .help("Sets the level of verbosity"))
[INFO] [stdout]    |           ^^^^
[INFO] [stdout] 
[INFO] [stdout] 
[INFO] [stdout] error[E0308]: mismatched types
[INFO] [stdout]   --> src/main.rs:36:28
[INFO] [stdout]    |
[INFO] [stdout] 36 |                     .short("d")
[INFO] [stdout]    |                            ^^^ expected `char`, found `&str`
[INFO] [stdout] 
[INFO] [stdout] 
[INFO] [stdout] warning: use of deprecated associated function `clap::Arg::<'help>::help`: Please use `about` method instead
[INFO] [stdout]   --> src/main.rs:37:22
[INFO] [stdout]    |
[INFO] [stdout] 37 |                     .help("print debug information verbosely")));
[INFO] [stdout]    |                      ^^^^
[INFO] [stdout] 
[INFO] [stdout] 
[INFO] [stdout] error[E0308]: mismatched types
[INFO] [stdout]   --> src/main.rs:18:17
[INFO] [stdout]    |
[INFO] [stdout] 18 |          .short("c")
[INFO] [stdout]    |                 ^^^ expected `char`, found `&str`
[INFO] [stdout] 
[INFO] [stdout] 
[INFO] [stdout] warning: use of deprecated associated function `clap::Arg::<'help>::help`: Please use `about` method instead
[INFO] [stdout]   --> src/main.rs:21:11
[INFO] [stdout]    |
[INFO] [stdout] 21 |          .help("Sets a custom config file")
[INFO] [stdout]    |           ^^^^
[INFO] [stdout]    |
[INFO] [stdout]    = note: `#[warn(deprecated)]` on by default
[INFO] [stdout] 
[INFO] [stdout] 
[INFO] [stdout] warning: use of deprecated associated function `clap::Arg::<'help>::help`: Please use `about` method instead
[INFO] [stdout]   --> src/main.rs:24:11
[INFO] [stdout]    |
[INFO] [stdout] 24 |          .help("Sets the input file to use")
[INFO] [stdout]    |           ^^^^
[INFO] [stdout] 
[INFO] [stdout] 
[INFO] [stdout] error[E0308]: mismatched types
[INFO] [stdout]   --> src/main.rs:28:17
[INFO] [stdout]    |
[INFO] [stdout] 28 |          .short("v")
[INFO] [stdout]    |                 ^^^ expected `char`, found `&str`
[INFO] [stdout] 
[INFO] [stdout] 
[INFO] [stdout] warning: use of deprecated associated function `clap::Arg::<'help>::help`: Please use `about` method instead
[INFO] [stdout]   --> src/main.rs:30:11
[INFO] [stdout]    |
[INFO] [stdout] 30 |          .help("Sets the level of verbosity"))
[INFO] [stdout]    |           ^^^^
[INFO] [stdout] 
[INFO] [stdout] 
[INFO] [stdout] error[E0308]: mismatched types
[INFO] [stdout]   --> src/main.rs:36:28
[INFO] [stdout]    |
[INFO] [stdout] 36 |                     .short("d")
[INFO] [stdout]    |                            ^^^ expected `char`, found `&str`
[INFO] [stdout] 
[INFO] [stdout] 
[INFO] [stdout] warning: use of deprecated associated function `clap::Arg::<'help>::help`: Please use `about` method instead
[INFO] [stdout]   --> src/main.rs:37:22
[INFO] [stdout]    |
[INFO] [stdout] 37 |                     .help("print debug information verbosely")));
[INFO] [stdout]    |                      ^^^^
[INFO] [stdout] 
[INFO] [stdout] 
[INFO] [stdout] error[E0609]: no field `p` on type `App<'_>`
[INFO] [stdout]   --> src/main.rs:56:30
[INFO] [stdout]    |
[INFO] [stdout] 56 |     if let Some(about) = app.p.meta.about {
[INFO] [stdout]    |                              ^ unknown field
[INFO] [stdout] 
[INFO] [stdout] 
[INFO] [stdout] error: aborting due to 5 previous errors; 5 warnings emitted
[INFO] [stdout] 
[INFO] [stdout] 
[INFO] [stdout] Some errors have detailed explanations: E0308, E0432, E0609.
[INFO] [stdout] 
[INFO] [stdout] For more information about an error, try `rustc --explain E0308`.
[INFO] [stdout] 
[INFO] [stderr] error: could not compile `clapman`.
[INFO] [stderr] 
[INFO] [stderr] To learn more, run the command again with --verbose.
[INFO] [stderr] warning: build failed, waiting for other jobs to finish...
[INFO] [stdout] error[E0609]: no field `p` on type `App<'_>`
[INFO] [stdout]   --> src/main.rs:56:30
[INFO] [stdout]    |
[INFO] [stdout] 56 |     if let Some(about) = app.p.meta.about {
[INFO] [stdout]    |                              ^ unknown field
[INFO] [stdout] 
[INFO] [stdout] 
[INFO] [stdout] error: aborting due to 5 previous errors; 5 warnings emitted
[INFO] [stdout] 
[INFO] [stdout] 
[INFO] [stdout] Some errors have detailed explanations: E0308, E0432, E0609.
[INFO] [stdout] 
[INFO] [stdout] For more information about an error, try `rustc --explain E0308`.
[INFO] [stdout] 
[INFO] [stderr] error: build failed
[INFO] running `Command { std: "docker" "inspect" "43cd8725ca143b08c80bde07a4508de1ee904bae5f75d1412a50c93de6b92a75", kill_on_drop: false }`
[INFO] running `Command { std: "docker" "rm" "-f" "43cd8725ca143b08c80bde07a4508de1ee904bae5f75d1412a50c93de6b92a75", kill_on_drop: false }`
[INFO] [stdout] 43cd8725ca143b08c80bde07a4508de1ee904bae5f75d1412a50c93de6b92a75
